{"id":418,"date":"2025-02-23T19:06:14","date_gmt":"2025-02-23T19:06:14","guid":{"rendered":"https:\/\/copnetiq.hu\/?page_id=418"},"modified":"2025-04-28T20:40:04","modified_gmt":"2025-04-28T20:40:04","slug":"informatikai-halozatok","status":"publish","type":"page","link":"https:\/\/copnetiq.hu\/index.php\/home\/szolgaltatasok\/informatikai-halozatok\/","title":{"rendered":"Informatikai h\u00e1l\u00f3zatok"},"content":{"rendered":"\n<p>\u00d6sszesz\u00e1molta m\u00e1r, hogy h\u00e1ztart\u00e1s\u00e1ban h\u00e1ny k\u00fcl\u00f6nf\u00e9le eszk\u00f6z kapcsol\u00f3dik, vagy kapcsol\u00f3dhatna az internetre? Modern vil\u00e1gunkban a legegyszer\u0171bb otthonokban is hasznos lehet egy be\u00e9p\u00edtett informatikai h\u00e1l\u00f3zat, mellyel minden helys\u00e9gben biztos\u00edthat\u00f3 a nagysebess\u00e9g\u0171 internet hozz\u00e1f\u00e9r\u00e9s. A mobilok, a telev\u00edzi\u00f3k \u00e9s a sz\u00e1m\u00edt\u00f3g\u00e9pek egyar\u00e1nt stabil kapcsolatot ig\u00e9nyelnek, a j\u00e1t\u00e9kosok ig\u00e9nyeinek pedig csak k\u00fcl\u00f6n\u00f6sen strapab\u00edr\u00f3 megold\u00e1sok tudj\u00e1k kiszolg\u00e1lni. Tervezni a j\u00f6v\u0151nek \u00e9rdemes.<\/p>\n\n\n\n<p><strong>Mit k\u00edn\u00e1lunk?<\/strong><\/p>\n\n\n\n<ul class=\"wp-block-list\">\n<li><strong>\u00daj informatikai h\u00e1l\u00f3zatok ki\u00e9p\u00edt\u00e9se:<\/strong> LAN h\u00e1l\u00f3zatok sz\u00e1m\u00edt\u00f3g\u00e9pek, telefonok, kamerarendszerek \u00e9s egy\u00e9b digit\u00e1lis eszk\u00f6z\u00f6k r\u00e9sz\u00e9re.<\/li>\n\n\n\n<li><strong>Hibaelh\u00e1r\u00edt\u00e1s \u00e9s jav\u00edt\u00e1s:<\/strong> Megl\u00e9v\u0151 h\u00e1l\u00f3zatok vizsg\u00e1lata, szakad\u00e1sok felder\u00edt\u00e9se, csatlakoz\u00f3k cser\u00e9je.<\/li>\n\n\n\n<li><strong>Csatlakoz\u00e1si pont l\u00e9tes\u00edt\u00e9se:<\/strong> Az informatikai h\u00e1l\u00f3zat k\u00f6zponti csatlakoz\u00e1s\u00e1nak kialak\u00edt\u00e1sa. <\/li>\n\n\n\n<li><strong>V\u00e9gpontok l\u00e9tes\u00edt\u00e9se:<\/strong> Bel- \u00e9s k\u00fclt\u00e9ri ki\u00e1ll\u00e1sok informatikai eszk\u00f6z\u00f6k \u00e9s kamerarendszerek sz\u00e1m\u00e1ra.<\/li>\n\n\n\n<li><strong>Eszk\u00f6zbeszerz\u00e9s, konfigur\u00e1l\u00e1s:<\/strong> Az \u00d6nnek legmegfelel\u0151bb digit\u00e1lis eszk\u00f6z\u00f6k kiv\u00e1laszt\u00e1sa, telep\u00edt\u00e9se \u00e9s konfigur\u00e1l\u00e1sa.<\/li>\n<\/ul>\n\n\n\n<p><strong>Mi\u00e9rt minket v\u00e1lasszon?<\/strong><\/p>\n\n\n\n<ul class=\"wp-block-list\">\n<li>Szak\u00e9rtelem<\/li>\n\n\n\n<li>Min\u0151s\u00e9gi anyagok haszn\u00e1lata<\/li>\n\n\n\n<li>\u00dcgyf\u00e9lk\u00f6zpont\u00fa szeml\u00e9let<\/li>\n<\/ul>\n\n\n\n<p>L\u00e9pjen kapcsolatba vel\u00fcnk m\u00e9g ma, \u00e9s foglaljon id\u0151pontot!<\/p>\n\n\n\n<div class=\"wp-block-buttons is-layout-flex wp-block-buttons-is-layout-flex\">\n<div class=\"wp-block-button\"><a class=\"wp-block-button__link wp-element-button\" href=\"https:\/\/copnetiq.hu\/index.php\/home\/kapcsolat\/\">Kapcsolat<\/a><\/div>\n<\/div>\n","protected":false},"excerpt":{"rendered":"<p>\u00d6sszesz\u00e1molta m\u00e1r, hogy h\u00e1ztart\u00e1s\u00e1ban h\u00e1ny k\u00fcl\u00f6nf\u00e9le eszk\u00f6z kapcsol\u00f3dik, vagy kapcsol\u00f3dhatna az internetre? Modern vil\u00e1gunkban a legegyszer\u0171bb otthonokban is hasznos lehet egy be\u00e9p\u00edtett informatikai h\u00e1l\u00f3zat, mellyel minden helys\u00e9gben biztos\u00edthat\u00f3 a nagysebess\u00e9g\u0171 internet hozz\u00e1f\u00e9r\u00e9s. A mobilok, a telev\u00edzi\u00f3k \u00e9s a sz\u00e1m\u00edt\u00f3g\u00e9pek egyar\u00e1nt stabil kapcsolatot ig\u00e9nyelnek, a j\u00e1t\u00e9kosok ig\u00e9nyeinek pedig csak k\u00fcl\u00f6n\u00f6sen strapab\u00edr\u00f3 megold\u00e1sok tudj\u00e1k kiszolg\u00e1lni. Tervezni a [&hellip;]<\/p>\n","protected":false},"author":1,"featured_media":0,"parent":397,"menu_order":0,"comment_status":"closed","ping_status":"closed","template":"","meta":{"inline_featured_image":false,"footnotes":""},"class_list":["post-418","page","type-page","status-publish","hentry"],"_links":{"self":[{"href":"https:\/\/copnetiq.hu\/index.php\/wp-json\/wp\/v2\/pages\/418","targetHints":{"allow":["GET"]}}],"collection":[{"href":"https:\/\/copnetiq.hu\/index.php\/wp-json\/wp\/v2\/pages"}],"about":[{"href":"https:\/\/copnetiq.hu\/index.php\/wp-json\/wp\/v2\/types\/page"}],"author":[{"embeddable":true,"href":"https:\/\/copnetiq.hu\/index.php\/wp-json\/wp\/v2\/users\/1"}],"replies":[{"embeddable":true,"href":"https:\/\/copnetiq.hu\/index.php\/wp-json\/wp\/v2\/comments?post=418"}],"version-history":[{"count":6,"href":"https:\/\/copnetiq.hu\/index.php\/wp-json\/wp\/v2\/pages\/418\/revisions"}],"predecessor-version":[{"id":499,"href":"https:\/\/copnetiq.hu\/index.php\/wp-json\/wp\/v2\/pages\/418\/revisions\/499"}],"up":[{"embeddable":true,"href":"https:\/\/copnetiq.hu\/index.php\/wp-json\/wp\/v2\/pages\/397"}],"wp:attachment":[{"href":"https:\/\/copnetiq.hu\/index.php\/wp-json\/wp\/v2\/media?parent=418"}],"curies":[{"name":"wp","href":"https:\/\/api.w.org\/{rel}","templated":true}]}}